. Let v = 1 - d. Suppose -4*g - 3 = -y + 26, -93 = -v*y + g. What is the units digit of y?
9
What is the units digit of (-8)/4 + (6 - 4) - -1894?
4
Let j be 768/4*6/8. Suppose 4*w + 5*o = j, -w + 0*w = -5*o - 36. What is the units digit of w?
6
What is the units digit of ((-894)/12 - -2)*(-152)/10?
2
Let d(x) = x**2 - 2*x. Suppose -f = 5*o - 5 + 26, -4*o = 2*f + 18. Let t = f + 7. What is the units digit of d(t)?
4
Let s = 27 + -23. Suppose -5*d + 19 = s. Suppose 0 = t + 2*t - 3*w - 153, 0 = -t + d*w + 51. What is the units digit of t?
1
Let v(k) = 2*k**2 + 13*k - 84. What is the tens digit of v(7)?
0
Let r = -14 - 8. What is the units digit of 28/154 - 920/r?
2
Let z(v) = v - 1. Let c be z(5). Suppose -o = c*o - 20. Suppose -4*g + o = -2*g. What is the units digit of g?
2
Suppose -4*i - 55 = -3*c, 3*c + 2*i = i + 50. Suppose -c = -3*p + 19. Let u = p + 8. What is the tens digit of u?
2
Suppose 5*w = 2*w + 57. Let f = w + 0. Suppose 2*s - 3*u = 22, -u + f = 3*s - 2*u. What is the units digit of s?
5
Let o(m) = 109*m + 39. What is the units digit of o(4)?
5
Let c(h) = -h**3 + 2*h**2 + 7*h + 2. Let w be c(-2). Suppose 63 = 5*p + 2*d, -w*d + 27 = -3*p + 4*p. What is the units digit of p?
1
Suppose 6*t - t + 3*b + 6 = 0, 0 = 5*t + 5*b. Let h(x) = -x**3 - x**2 + x - 2. Let g be h(t). Suppose 16*f - 24 = g*f. What is the units digit of f?
8
Let b(a) be the second derivative of -a**3/6 - 7*a**2 + 7*a. Let g be b(-6). Let j = g + 24. What is the tens digit of j?
1
Let d be 4/(-22) - 23478/(-143). Suppose 0 = 4*i - 2*g - 242, 0*i - 2*g = 3*i - d. What is the tens digit of i?
5
Let m = 454 - 231. What is the hundreds digit of m?
2
Suppose 27*o = 5*x + 31*o - 5065, -3*x - o + 3032 = 0. What is the hundreds digit of x?
0
Let p(v) = 4*v**3 + 4*v**2 - 8*v - 10. Let h(k) = -7*k**3 - 9*k**2 + 7*k + 2 + 9*k + 17. Let g(w) = 3*h(w) + 5*p(w). What is the units digit of g(-8)?
7
Let g(o) = -48*o + 6. Let h be g(4). Let s = 281 + h. What is the tens digit of s?
9
What is the hundreds digit of 2/((12/(-529))/(-6))?
5
Suppose -4 = 4*z - x, 0*z + x = 2*z + 2. Let o be z/(2/13)*6. What is the units digit of o/(-5) - 2/(-10)?
8
What is the hundreds digit of 7 + 1/(2/1268)?
6
Let r(s) = -s**3 - 20*s**2 + 23*s - 3. Let k(w) = -w**2 + 1. Let q(m) = 6*k(m) - r(m). What is the tens digit of q(-15)?
2
What is the units digit of (-1603)/(-14) + 1/(-2)?
4
Suppose -m + 4*r = -78, 47*m - 52*m = r - 432. What is the units digit of m?
6
Suppose 4*j + 4*t = 7548, -2*t + 7*t + 1881 = j. Suppose j = 11*a + 511. What is the hundreds digit of a?
1
Let v = -289 + 430. Suppose -3*q - 6 = -v. Let f = q - 26. What is the units digit of f?
9
Let u(l) = 130*l**3 - 3*l**2 + 4*l - 1. Let d be u(1). Let o = -72 + d. What is the units digit of o?
8
Let c be 4/(-6) - (-29458)/33. Suppose -c = -11*q + 7*q. Suppose 5*o = -28 + q. What is the units digit of o?
9
What is the units digit of (-81 - -83) + 1*3613/1?
5
Let x(h) = 30*h**2 - 2*h - 14. What is the tens digit of x(6)?
5
Suppose -1248 = -5*b + 617. Suppose -3*p + b = -92. What is the units digit of p?
5
Let h be 428/8 + (-3)/(-2). Let z = 110 - h. Suppose 0 = -p + z - 12. What is the units digit of p?
3
Let i(q) be the first derivative of 3*q**2/2 - 19*q + 15. What is the tens digit of i(15)?
2
Let z = 20 + -29. Let n = 11 + z. Suppose 5*u = n*m - 39, 0*m = 5*m + 3*u - 144. What is the units digit of m?
7
Let u(g) = 1115*g**2 - 16*g - 1. What is the tens digit of u(-1)?
3
Let o be (40/(-12))/((-3)/(-18)). Let h(x) = -x**3 + 8*x**2 - 5*x + 4. Let p be h(4). Let c = o + p. What is the tens digit of c?
2
Suppose 8*d + 6*d = 8274. What is the tens digit of d?
9
Suppose -26 = -5*k - 3*b + 14, 5*k - 3*b = 10. Suppose -x - 4*x = -2*i - 267, -k*x + 291 = 4*i. What is the units digit of x?
5
Suppose -12*r + 7983 = -441. What is the hundreds digit of r?
7
Suppose 4 = k + k. Suppose -5*q - k*g + 2 = 13, -2*g - 2 = 2*q. Let p(r) = -r + 1. What is the units digit of p(q)?
4
Let m = 5554 - 3770. What is the thousands digit of m?
1
What is the units digit of 165884/28 + 6/(-14) + -6?
8
What is the hundreds digit of (-3001)/(-6) - (-7)/(-42)?
5
Let n(b) = 9*b**2 + 4*b + 17. What is the units digit of n(13)?
0
Let v(y) = -2*y + 22. Let b be v(7). Suppose -3*q = -4*m + 32 + 105, 4*m - 113 = -5*q. Let h = b + m. What is the tens digit of h?
4
Suppose 12254 = -10*x + 32*x. What is the tens digit of x?
5
Let v(y) be the second derivative of y**4/4 - 2*y**3/3 + 5*y**2/2 - 21*y. What is the tens digit of v(7)?
2
Suppose 3*c - 23*c + 6940 = 0. What is the units digit of c?
7
Let p(i) = 2*i**2 - 17*i - 15. Let x be p(13). Suppose -2*y = -26 - x. Suppose 9*d - 5*d = y. What is the units digit of d?
6
Suppose 0 = 2*j + 4*d, 0*j + 4*j - 2*d - 20 = 0. Suppose j*w + 0*w = 136. What is the units digit of w?
4
Let s(a) = a**3 - 4*a**2 - 5*a + 1. Let k = 0 - -5. Let h be s(k). Let m(v) = 3*v**3 + 2*v**2 - 2*v + 1. What is the units digit of m(h)?
4
Let l = -249 - -402. Suppose -l = 3*p - 6*p. What is the tens digit of p?
5
Suppose -5*c - 2250 = -5*f, -2*f - 2*c = -c - 891. What is the hundreds digit of f?
4
Suppose -779 - 75 = -2*q. What is the hundreds digit of q?
4
Suppose -4*k = -5*k + 2. Suppose 4*y + 30 = 3*i, i - 8 = k*y - y. What is the tens digit of (14 - 1) + y + 5?
1
Let c(j) = -j**3 - 2*j**2 + 6*j + 16. Let d be c(-6). Let n(x) = x**2 + 4*x. Let b be n(-4). Suppose v + 3*v - d = b. What is the tens digit of v?
3
Let i = 1589 + 2027. What is the tens digit of i?
1
Suppose 0 = -3*y + 3*f + 1605, -17*f - 2670 = -5*y - 13*f. Suppose 0 = 2*g - y + 112. What is the tens digit of g?
0
Let f be -46*(4/8 - -1). Let s be (12/(-10))/(f/1610). Suppose 4*y - 20 = s. What is the units digit of y?
2
Let g(h) = h**2 - 4. Let s be g(-3). Suppose -2*f + 52 = -4*w, -f - 88 = -s*f + 4*w. What is the units digit of f?
8
Let x(v) = 45*v**2 + 3*v - 6. What is the hundreds digit of x(-2)?
1
Let o be (2 + -2)*(-3)/6. Suppose o = 6*c - 100 - 8. Suppose -20*q + c*q = -92. What is the tens digit of q?
4
Let u be (-2 + 1)*-1*-35. What is the tens digit of (39/(-1))/(21/u)?
6
Suppose -91 = -4*i + 45. Suppose -i*p = -29*p - 145. What is the tens digit of p?
2
Let s = 8 + -24. Let b = 139 - 126. Let c = b - s. What is the tens digit of c?
2
Suppose -5*j + 3 + 1 = -2*m, -5*m = -j - 13. Let d be ((-30)/20)/(m/(-44)). Suppose -4*t + z + 106 = 3*z, d = t - z. What is the tens digit of t?
2
Suppose 8080 = 14*d - 5234. What is the tens digit of d?
5
Suppose 5*a - 1141 = 4*a. What is the tens digit of a?
4
Suppose 7*i - 6*i - 4 = 0. Suppose -i*v + 415 = v. What is the units digit of v?
3
Suppose -n + 3*y + 7 = 0, 6*y - 6 = 4*y. Let b be (3 - (-10)/(-2)) + n. Let p = b + 8. What is the tens digit of p?
2
Let t = -1 + 2. Suppose -3*z - l + 72 = 2*l, 0 = -z + 4*l - t. What is the units digit of z?
9
Suppose -9*x + 951 = 78. What is the units digit of x?
7
Let z = -9 - -13. Suppose 15 = 5*o, -27 = -5*u - 4*o - 0*o. Suppose f - 29 = -5*y, -5*f + z*y + 41 = u*y. What is the units digit of f?
9
Suppose 5*x = -5*f + 818 + 7212, 3*f - 1604 = -x. What is the thousands digit of x?
1
Suppose 274 = -0*q + 2*q. Suppose -q - 79 = -4*u. Suppose 9*x = 6*x + u. What is the tens digit of x?
1
Let n = 5779 - 3956. What is the thousands digit of n?
1
Let n = 7 - 7. Let c(l) = l + 7. Let s be c(n). Suppose s*w - 8*w + 17 = 0. What is the tens digit of w?
1
What is the tens digit of 1 - (-22)/(-24) - 15511510/(-6360)?
3
Suppose 5*c - 3*c = 5*d - 16, 5*c + 15 = 0. What is the tens digit of (-1662)/(-12) - ((-1)/d + -1)?
4
Let l be ((-3)/2)/((-1)/(-2)). Let w be -3 + (2 - 21 - l). Let v = w + 51. What is the tens digit of v?
3
Suppose 0 = 4*c - 6*c. Suppose c = -3*u + 3*i + 174, 3*i + 194 = 3*u + 5*i. What is the units digit of u?
2
Let o(d) = d**2 - 6*d - 319. What is the hundreds digit of o(-24)?
4
Suppose -4*f + 410 = 2*x, -2*x - 486 = -5*f + 13. Suppose 2*j - f - 203 = 0. What is the hundreds digit of j?
1
Let s(k) = 4*k - 28. Let v be s(7). Suppose v = -5*b - 38 + 63. What is the units digit of b?
5
Suppose -5*x = -2*k - 5147, -x - 28*k + 31*k = -1019. What is the tens digit of x?
3
Suppose o + 20 = 5*o. What is the units digit of 2/o - 566/(-10)?
7
Suppose -4*q = 4*h + 756, 2*h - 39 = 2*q + 343. Let z = q - -334. Wh